 What is the greatest common divisor of 23 and h?
23
Suppose -1 = 5*k + 2*f - 66, -5*k + 65 = -4*f. What is the highest common factor of 13 and k?
13
Let m be (-2 - -14) + (-24)/12. Calculate the greatest common divisor of 50 and m.
10
Suppose 5*l = -3*t + 19, 5*l - 4*l = -t + 5. Let j(i) = -i**3 + 5*i**2 - 3*i - 4. Let w be j(t). Calculate the highest common divisor of 55 and w.
5
Suppose 4*x + 16 = 0, 5*x - 12 = 4*f - 48. What is the greatest common divisor of f and 4?
4
Suppose -2*p - 4 = -8. Calculate the greatest common factor of 16 and p.
2
Suppose -4*s + 49 = -4*c - 87, -2*s + 33 = 5*c. What is the greatest common factor of s and 58?
29
Let u = 428 + -134. Calculate the highest common factor of 42 and u.
42
Let t be (12/(-8)*-2)/1. Let i be (-20)/((-9)/t + 1). Calculate the highest common factor of 5 and i.
5
Let j = -1 + -1. Let s(y) = y**2 + 2*y + 2. Let t be s(j). Suppose -3*i = -i - t. What is the highest common divisor of i and 5?
1
Suppose -2*n - 292 = -5*o + 2*n, -4*o + 2*n + 230 = 0. What is the greatest common divisor of 112 and o?
56
Let c(n) = -372*n**3 - n**2 + 1. Let z be c(-1). Let d = -237 + z. Calculate the highest common divisor of d and 15.
15
Suppose 6 = -3*t + 21. Suppose 2*j = 2*c + 60, 4*c - 5 + 151 = t*j. Calculate the greatest common factor of 208 and j.
26
Suppose t + 2*i = -2*t + 475, -i + 317 = 2*t. Suppose 5*f - t = -24. Calculate the highest common factor of f and 3.
3
Suppose 0 = -y + 7*o - 8*o + 13, 3*o = y - 25. Suppose 6*b - b - 20 = 0. Calculate the highest common divisor of b and y.
4
Let n be 6 + -6 - -1*2. Calculate the highest common divisor of n and 2.
2
Suppose 8*q + 2*o = 3*q + 31, 0 = 3*o - 9. Suppose -y = -z - 101, 0*y = -3*y + q*z + 313. Calculate the highest common factor of y and 12.
12
Suppose 18*v - 23 - 13 = 0. What is the greatest common factor of v and 22?
2
Suppose -l - 2*l + 12 = 0. Suppose 64 = l*g - 4*z, -4*g - z = -2*z - 58. Calculate the highest common divisor of g and 7.
7
Let l(s) = s**2 + 8*s + 10. Let d(y) = -y**2 + 1. Let a be d(3). Let n be l(a). What is the greatest common divisor of 50 and n?
10
Suppose -4*g = -156 - 164. Suppose -20 = 5*w - g. What is the highest common divisor of w and 48?
12
Let j(l) = 225*l. Let t be j(1). Let d be (75/6)/((-4)/(-8)). Calculate the highest common factor of d and t.
25
Suppose -i - 1 = -5. Suppose 0 = y - 2*z + 2 - 1, 3*z = -y + 4. What is the highest common divisor of i and y?
1
Suppose 96 = 4*n + 4*x, -n + 23 = 4*x - 7. Calculate the greatest common factor of n and 11.
11
Let j be 8*6*20/15. Calculate the greatest common factor of 16 and j.
16
Suppose 2*b + 3*b - 440 = 0. Calculate the highest common factor of 8 and b.
8
Suppose 5*x - 87 = 188. What is the highest common divisor of 44 and x?
11
Suppose 0 = 2*i - 1 - 21. Let x(u) = -8*u + 6. Let f be x(-6). Let o = f + -21. Calculate the greatest common divisor of o and i.
11
Suppose -3*c = -4*c + 38. Let h(x) be the first derivative of 2*x**2 + 3*x + 2. Let b be h(4). Calculate the highest common divisor of b and c.
19
Let k = -24 - -50. What is the highest common factor of k and 13?
13
Let u(c) = c + 24. Suppose -12 = -3*y, 2*m + 4*y = -3*m + 16. Let k be u(m). Calculate the greatest common factor of k and 16.
8
Suppose 4*g - 70 + 10 = 0. Let a = 6 - 3. Calculate the highest common factor of a and g.
3
Let a be 1*(308 - (-1 + 2)) + -3. Calculate the highest common divisor of 38 and a.
38
Let q be (-54)/(-30) - 1*1/(-5). What is the greatest common factor of 22 and q?
2
Suppose 2*c - 15 = 201. What is the highest common factor of 12 and c?
12
Suppose -4*n + 334 = 3*k, 3*n = 4*k - 5*k + 253. Calculate the highest common factor of 34 and n.
17
Let k(f) = 5*f + 6. Suppose -34 = -5*r - o, -r - o + 5*o = 10. Let b be k(r). What is the greatest common factor of 18 and b?
18
Let s(h) = 14*h + 8. Let g be s(2). Calculate the greatest common divisor of g and 54.
18
Suppose -3*x + x + 6 = 0. Let p be 0 - (-11 + 0/x). Let o be (-1 + 2 + -2)*-77. What is the greatest common divisor of p and o?
11
Let h be (3/(-9))/(2/(-6)). Let y = 1 - h. Suppose 5*u - 22 - 33 = y. What is the highest common divisor of u and 121?
11
Let q be ((-2)/8)/((-7)/28). Calculate the highest common divisor of q and 9.
1
Let q(l) = l**2 - l + 6. Let r be q(5). Suppose 0 = -13*f + 419 + 88. What is the greatest common factor of r and f?
13
Suppose -4*c - 276 = 4*g, 5*g = c + 2*c + 191. Let i = c + 32. Let o be (6/(-7))/(5/i). What is the highest common divisor of 42 and o?
6
Let o(s) = -s**3 - 16*s**2 - 2*s + 54. Let a be o(-17). Calculate the highest common divisor of 13 and a.
13
Let j(k) = -6*k + 12. Let y(d) = -d. Let s(h) = j(h) - 5*y(h). Let l be s(7). Let n = 65 - l. Calculate the highest common divisor of 12 and n.
12
Suppose 3*h + 3 = 9, 0 = 2*d + 3*h - 26. Let g(f) = -93*f - 1. Let a be g(1). Let n = -4 - a. What is the highest common factor of n and d?
10
Suppose -u = -5*v - 46, v = -u - 4*v + 66. Let c(h) = h + 8. Let o be c(0). Calculate the highest common factor of o and u.
8
Let d(k) = k**3 + 6*k**2 + 3*k + 6. Let q be d(-6). Let o be 1/2*-1*q. What is the greatest common divisor of 18 and o?
6
Let b(n) = -5*n - 1. Let o be b(-6). Let p = 68 - 48. Let h = o - p. Calculate the highest common factor of 54 and h.
9
Let f = 433 - 243. What is the highest common divisor of 19 and f?
19
Let i(g) = g**3 + 6*g**2 - g + 2. Let n be i(-6). Let w(f) = 17*f**2 + 3*f + 2. Let q be w(-2). What is the greatest common factor of n and q?
8
Let f(m) = m**3 - 8*m**2 + m - 1. Let p be f(8). Calculate the highest common divisor of p and 14.
7
Let n(x) be the third derivative of 0*x + 5/3*x**3 + 0 + 2*x**2 - 1/24*x**4. Let a be n(0). What is the greatest common divisor of a and 2?
2
Suppose 0 = 3*z + z - 16. Suppose -r - 2*t - 30 = -z*r, 5*r - 48 = 4*t. Calculate the greatest common factor of r and 48.
12
Let i be 22*(8/(-14) + (-87)/(-42)). What is the greatest common divisor of 3 and i?
3
Let x(f) = -4*f**3 - f**2 + f - 3. Let o be x(-2). Let m = 34 - o. Calculate the highest common divisor of m and 33.
11
Let y be 9/(-3) - 15*-1. Let v be (3 - 5/2)*y. What is the highest common divisor of v and 66?
6
Suppose -2*i - 2*z + 107 = z, -4*i + 2*z = -174. What is the greatest common factor of i and 184?
46
Let r(j) = -j**3 + j**2 + j + 26. Let m be r(0). What is the highest common divisor of m and 234?
26
Let b be (2 - 0)*-1 + 6. Let x = b + -1. Let c(l) = 8*l + 1. Let v be c(x). What is the greatest common factor of v and 10?
5
Suppose -n - 120 = -2*n. What is the highest common divisor of n and 20?
20
Suppose -5*p + 4*b + 64 = 0, p - 3*b + 4 - 8 = 0. Calculate the highest common divisor of 32 and p.
16
Let w = -18 - -28. Let c(g) = g**3 - 3*g**2 + 7*g - 5. Let j = 9 - 4. Let i be c(j). Calculate the greatest common divisor of i and w.
10
Let n be (-32)/(-6) + 8/12. What is the highest common factor of n and 9?
3
Let s be (37 - 6) + 9/(-3). Calculate the highest common factor of 168 and s.
28
Suppose z = -0 + 18. What is the highest common factor of z and 180?
18
Suppose 4*i = -0*j - 3*j + 69, -2*i + 3*j = -57. What is the greatest common divisor of 105 and i?
21
Let f be ((-4)/2)/(-2) + -3. Let l(d) = 6*d + 3. Let s be l(f). Let k be s*(0 + 2 + -13). What is the highest common divisor of 9 and k?
9
Let b = -58 - -32. Let y be (b/(-4))/((-5)/(-80)). Suppose 0*q + 3*q = 39. Calculate the greatest common divisor of y and q.
13
Let g be (-3 - (-44)/1) + 1. Suppose -122 = -5*z - g. Calculate the highest common factor of z and 8.
8
Let w be 16*(-6)/(-8)*-1. Let n be -3*w/2 - -3. Calculate the greatest common divisor of n and 231.
21
Suppose 20 = 6*o - 34. What is the greatest common divisor of o and 36?
9
Suppose i - 73 = 5*z, -i + 69 = 2*z - 3*z. What is the highest common factor of 4 and i?
4
Let d be (-2 + -10)/(-4) - 1*-5. What is the highest common divisor of d and 88?
8
Let y(t) = 102*t + 9. Let h be y(3). What is the highest common factor of h and 35?
35
Let r = -15 - -35. Calculate the highest common divisor of r and 5.
5
Let d be ((-1 - -1)*1)/(-1). Let a be 63 - 6/(d + -3). Calculate the greatest common divisor of 13 and a.
13
Suppose 4*m = -4*s + 136, m = s - 19 - 19. Let f = s + -21. Calculate the greatest common factor o